z be (-43 + 2)/1*-2. Suppose z = -b + 2*b. What is the remainder when b is divided by 21?
19
Suppose -5*x + 5 = -0*x. Suppose -44 = -3*a - a. Suppose -4*j = f - 6, 7 + a = 5*j - 4*f. Calculate the remainder when j is divided by x.
0
Suppose 325 = 2*q + 3*q. Calculate the remainder when q is divided by 17.
14
Suppose 4*s = 26 + 18. Let h = s + -5. What is the remainder when 11 is divided by h?
5
Suppose -3*d - 3*i + 168 = 0, -2*d - 118 = -4*d - 4*i. Suppose -3*x + 5*x - 37 = -5*w, 3*w = -4*x + d. Calculate the remainder when 21 is divided by x.
10
Let m = 2 - 18. Let v = -11 - m. Calculate the remainder when v is divided by 2.
1
Let f(u) = -2*u**2 - u - 3. Let d be f(-3). Let k = d + 30. Calculate the remainder when (77/21)/(1/6) is divided by k.
10
Suppose 3*h + 4*i = -0*i + 46, 0 = 3*h - 3*i - 39. What is the remainder when 40 is divided by h?
12
Suppose 0 = -p - j - 2, -4*p + 2*p = -j + 4. Let z(k) = k**2 + 2*k. Let o be z(p). Suppose -5*i + 2 + 18 = o. Calculate the remainder when 10 is divided by i.
2
Suppose 126 = 5*h + 11. Calculate the remainder when h is divided by 12.
11
Let t = -5 + 7. Let u = 0 + t. What is the remainder when 3 is divided by u?
1
Let i be (2 - 0)/((-2)/(-15)). Suppose -17 - i = -2*g. What is the remainder when 31 is divided by g?
15
Let m = 15 - 6. Suppose k - h = 6, -2*h - h = 2*k + 8. Calculate the remainder when (6/k)/((-6)/(-32)) is divided by m.
7
Suppose -5*d - 3 = -2*d - 4*u, 5*d + 5*u + 5 = 0. Suppose -26 = o - 5*p, -4*p - 2 = -3*o - 9*p. What is the remainder when 28 is divided by (-62)/o - d/(-3)?
8
Let a(r) = r**2 - 2*r - 6. Suppose -34 = -2*d + d. Calculate the remainder when d is divided by a(-4).
16
Let i be 19*(-1 - -2) - -1. Suppose -d + i = d. Suppose 12*p = 7*p + 90. Calculate the remainder when p is divided by d.
8
Let h(y) = -7*y - 2. Let t(c) = c**3 - 4*c**2 - 7*c + 3. What is the remainder when t(6) is divided by h(-2)?
9
Let x(g) = -g. Suppose -3*t + i - 6 - 2 = 0, 5*i = 10. Let l be x(t). Let j(y) = y**3 + y**2 + 3*y - 2. What is the remainder when j(l) is divided by 9?
7
Let m(y) = 2*y**2 - 7*y - 55. Calculate the remainder when m(-5) is divided by 8.
6
Let x(m) = m. Calculate the remainder when x(4) is divided by (-2)/(-8) - 33/(-12).
1
Calculate the remainder when 34 is divided by ((-36)/20)/((-6)/40).
10
Let d = -24 + 29. Calculate the remainder when 9 is divided by d.
4
Let j(r) = r**2 + 3*r - 18. What is the remainder when 139 is divided by j(6)?
31
Let c(d) = -2*d**3 - 7*d**2 + 2*d + 3. Let p(u) = -3*u**3 - 8*u**2 + 2*u + 4. Let g(i) = 4*c(i) - 3*p(i). Calculate the remainder when g(4) is divided by 5.
3
Let h = 6 + 12. Calculate the remainder when 70 is divided by h.
16
Let q = -70 - -283. What is the remainder when q is divided by 9?
6
Suppose -2*i = 5*k - 168, 5*k - 3*i + 2*i - 171 = 0. Let o = -10 + k. What is the remainder when 71 is divided by o?
23
Suppose o + 4*o = 165. What is the remainder when o is divided by 18?
15
Let w be 17/5 + (-27)/(-45). Suppose 4*q + 4*t = 352, 2*t + 377 = w*q + t. What is the remainder when q is divided by 24?
21
Suppose -k - 4*g + 6 = 0, g - 9 - 38 = -2*k. What is the remainder when k is divided by 14?
12
Let n be 2 + -5 + 3 + -15. Let o = n - -21. What is the remainder when o is divided by ((-4)/(-2) - -2)*1?
2
Suppose -3*f + 5 = -1. Let g(q) = 7*q**3 + q - 1. Let m be g(1). What is the remainder when f is divided by 4*(-3 - m/(-2))?
0
Let u(d) = -9*d + 17. Let r(j) = -19*j + 35. Let v(k) = 6*r(k) - 13*u(k). Suppose 4*n + 0*n = 20. Calculate the remainder when v(8) is divided by n.
3
Calculate the remainder when 10 is divided by (5 - -1)/((-5)/((-90)/12)).
1
Let q(w) = 2*w**2 + 3*w + 2. Let h = 3 + -5. What is the remainder when 10 is divided by q(h)?
2
Let w = -26 + 37. What is the remainder when 43 is divided by w?
10
Let y = -1 + 5. Suppose 0 = -c + q + 7, 0 = 3*c + 5*q - 57 + y. What is the remainder when 20 is divided by c?
9
Let m = -6 + 5. Calculate the remainder when 15 is divided by (-2 + -7)*(m - 0).
6
Suppose -4*q - m + 39 = 0, 5 = -3*m + 2. What is the remainder when 2/q + 270/25 is divided by (4*1)/2 - -4?
5
Let z = -88 - -125. Suppose -2*o - 1 = -3. Suppose -2*w + o = -z. Calculate the remainder when w is divided by 10.
9
Let q be -1 - (-162 + -1 + -2). Suppose 4*j = 2*k - k + q, 5*k - 2*j = -802. Calculate the remainder when 16 is divided by k/(-28) - (-4)/14.
4
Let c = 79 + 7. What is the remainder when c is divided by 11?
9
What is the remainder when (16 - 1) + ((-49)/(-7) - 6) is divided by 9?
7
Let x(n) = -n**3 + n**2 + 12*n - 11. Let b(o) = o**2 + o - 3. Suppose -2*d - 5 = -3*d. What is the remainder when b(d) is divided by x(3)?
6
Suppose 0 = 4*j + i - 12, 0 = -i - 0*i. Suppose -2*y = j*y + 185. Let r = 55 + y. What is the remainder when 53 is divided by r?
17
Let s = 7 - 3. Suppose -4*o - 114 + 27 = -5*u, u - 4*o - 27 = 0. What is the remainder when u is divided by s?
3
Let s(v) be the third derivative of 7*v**6/60 + v**5/60 - v**3/6 - 4*v**2. What is the remainder when s(1) is divided by 5?
4
Let v = 39 + -23. What is the remainder when 43 is divided by v?
11
Let o = -27 + 54. Let z = o + -16. Calculate the remainder when 20 is divided by z.
9
Suppose 3*f + f - 248 = 0. Let g(y) = 4*y - 8. What is the remainder when f is divided by g(6)?
14
Suppose 5*x - 3*x - 10 = 0. Suppose y = -x*p + 5, 4*p + 4*y - 4 = 5*y. What is the remainder when 1 is divided by p?
0
Let a(q) = q**2 - 2*q + 8. Let m(i) = 6*i**3 - i**2 + 2*i - 1. Calculate the remainder when m(2) is divided by a(4).
15
Suppose 4*v - 69 = 211. What is the remainder when v is divided by 25?
20
Let r(o) = -2*o**3 - o**2 - o + 1. Let s be r(1). Let t be (s + 1)/(2/42). What is the remainder when 23 is divided by t/(-5) + (-4)/10?
7
Let p(b) be the first derivative of b**4/4 - 3*b**3 + 9*b**2/2 + 5*b - 1. Calculate the remainder when 37 is divided by p(8).
11
Suppose -7*t + 2*t = -2*d - 18, -2*d + 2*t - 6 = 0. Let b(n) = 14*n**3 + 1. What is the remainder when 28 is divided by b(d)?
13
Suppose -11 = 5*j - 61. Suppose s - 4*k - 6 = 0, -4 = -s + 5*k + 3. What is the remainder when 3/6 + 55/s is divided by j?
8
Suppose i + 2*x - 2 = 0, 3*x = 2*x - 5. What is the remainder when 34 is divided by i?
10
Let h = 72 - 7. Calculate the remainder when h is divided by (1 + 9*-2)/(-13 + 12).
14
Let g = 18 + -5. Suppose -z + g = -f, 0 = z + 4*f - 16 - 17. What is the remainder when z is divided by -2 + 6/(-3) + 13?
8
Suppose -4*q + 40 = q. Let b be (-2)/2*-2 - 9. Let v = q - b. What is the remainder when 28 is divided by v?
13
Suppose 4*o - 591 - 138 = 5*m, 720 = 4*o + 4*m. Let i = o - 117. Calculate the remainder when i is divided by 22.
20
Let p(n) = 4*n**2 - 3*n + 4. What is the remainder when 55 is divided by p(2)?
13
Let j = 2 - 4. What is the remainder when (j/(-4))/(3/96) is divided by 9?
7
Suppose 5*b - 4*f + 56 = 0, 2*f = 4*b + 24 + 16. Let w = 9 - b. What is the remainder when 33 is divided by w?
16
Let o be (-1)/3 + 32/6. Let g = 0 + o. Suppose 4*u + 1 = g. What is the remainder when u is divided by 1?
0
Let n = -57 + 343. Suppose 5*m = 4*t + n, 0 = -4*m - 9*t + 4*t + 196. What is the remainder when m is divided by 11?
10
Let g be 1/(-4) + 15/(-4). Calculate the remainder when g/6 + (-14)/(-3) is divided by 5 + -3 + -2 + 2.
0
Let u(x) = -x + 4. Let a be u(0). Let w = a + -3. What is the remainder when 24 is divided by (w/3)/((-2)/(-78))?
11
Let y(f) = 15*f - 2. Let j = 1 - -2. Suppose 0 = 3*h - h - 30. Calculate the remainder when y(j) is divided by h.
13
Let v(z) = -z**3 - 8*z**2 - 19*z - 5. Calculate the remainder when v(-7) is divided by 20.
19
Suppose 2*o = -3*h + 12, -3*o = -5*o + 6. Suppose h*d - 180 = -2*d. What is the remainder when d is divided by 23?
22
Let q(b) = -2*b**3 - 6*b**2 - b - 2. Let n = 5 - 9. Let d be q(n). Let w = d + -17. Calculate the remainder when w is divided by 6.
5
Suppose -2*f = 3*f. Suppose f = 4*c - 5 - 11. What is the remainder when 15 is divided by c?
3
What is the remainder when 131 is divided by 33 - (-3 - -3)/(-1)?
32
Let t(u) = 5*u**2 + 4. Calculate the remainder when t(-3) is divided by 13.
10
Let h(s) = -s**2 + 4*s + 4. Let w be h(4). Suppose 200 = 5*b - 380. Suppose b = w*n + 40. Calculate the remainder when n is divided by 7.
5
L